{"id":967,"date":"2022-05-25T14:37:26","date_gmt":"2022-05-25T12:37:26","guid":{"rendered":"https:\/\/netphen.projekt-lokal-digital.de\/?page_id=967"},"modified":"2026-02-23T14:10:29","modified_gmt":"2026-02-23T13:10:29","slug":"pflegeunterstuetzung","status":"publish","type":"page","link":"https:\/\/lokaldigital.netphen.de\/?page_id=967","title":{"rendered":"Pflege"},"content":{"rendered":"\n<h2 class=\"wp-block-heading has-palette-color-3-color has-palette-color-6-background-color has-text-color has-background\">Pflege<\/h2>\n\n\n\n<h2 class=\"wp-block-heading\">Pflegebed\u00fcrftigkeit &#8211; Definition<\/h2>\n\n\n\n<p class=\"has-text-align-center\"><strong>Pflegebed\u00fcrftig sind Personen, die gesundheitlich bedingte Beeintr\u00e4chtigungen der Selbstst\u00e4ndigkeit oder der F\u00e4higkeiten aufweisen und deshalb der Hilfe durch andere bed\u00fcrfen. Es muss sich um Personen handeln, die k\u00f6rperliche, kognitive oder psychische Beeintr\u00e4chtigungen oder gesundheitlich bedingte Belastungen oder Anforderungen nicht selbstst\u00e4ndig kompensieren oder bew\u00e4ltigen k\u00f6nnen. Die Pflegebed\u00fcrftigkeit muss auf Dauer \u2013 voraussichtlich f\u00fcr mindestens sechs Monate \u2013 und mit mindestens der in \u00a7 15&nbsp;SGB&nbsp;XI festgelegten Schwere bestehen.<\/strong><br><em>Definition Pflegebed\u00fcrftigkeit nach \u00a7 14 Abs. 1 Elftes Sozialgesetzbuch<\/em><\/p>\n\n\n\n<hr class=\"wp-block-separator has-text-color has-cyan-bluish-gray-color has-alpha-channel-opacity has-cyan-bluish-gray-background-color has-background\"\/>\n\n\n\n<figure class=\"wp-block-image size-large is-resized\"><img loading=\"lazy\" decoding=\"async\" width=\"1024\" height=\"576\" src=\"https:\/\/lokaldigital.netphen.de\/wp-content\/uploads\/2023\/08\/LOKAL-digital_Beratungsplan-1024x576.png\" alt=\"\" class=\"wp-image-3141\" style=\"width:750px;height:422px\" srcset=\"https:\/\/lokaldigital.netphen.de\/wp-content\/uploads\/2023\/08\/LOKAL-digital_Beratungsplan-1024x576.png 1024w, https:\/\/lokaldigital.netphen.de\/wp-content\/uploads\/2023\/08\/LOKAL-digital_Beratungsplan-300x169.png 300w, https:\/\/lokaldigital.netphen.de\/wp-content\/uploads\/2023\/08\/LOKAL-digital_Beratungsplan-768x432.png 768w, https:\/\/lokaldigital.netphen.de\/wp-content\/uploads\/2023\/08\/LOKAL-digital_Beratungsplan.png 1280w\" sizes=\"auto, (max-width: 1024px) 100vw, 1024px\" \/><\/figure>\n\n\n\n<hr class=\"wp-block-separator has-text-color has-cyan-bluish-gray-color has-alpha-channel-opacity has-cyan-bluish-gray-background-color has-background\"\/>\n\n\n\n<h2 class=\"wp-block-heading\">Pflegegrad beantragen &#8211; wo und wie<\/h2>\n\n\n\n<p>Nicht jede Beeintr\u00e4chtigung resultiert direkt in einem Pflegegrad. Die Feststellung eines Pflegegrades muss bei der Pflegekasse beantragt werden, welche der jeweiligen Krankenkasse angegliedert ist. Ein Gutachten entscheidet dann, ob ein Pflegegrad festgestellt werden konnte und in welcher Schwere dieser vorliegt.<\/p>\n\n\n\n<p>Der Antrag kann in Papierform oder auch online gestellt werden. Wird ein Antrag formlos in schriftlicher Form gestellt sendet die zust\u00e4ndige Pflegekasse einen Formantrag zu, welcher ausgef\u00fcllt werden muss.<br>Achtung: jede Pflegekasse hat ihr eigenes Antragsformular, es kann also zu Abweichungen kommen.<\/p>\n\n\n\n<p>Ein von allen Krankenkassen unterst\u00fctztes verfahren ist der digitale Pflegeantrag, mit welchem Pflegeleistungen und Pflegegrad ganz einfach online beantragt werden k\u00f6nnen. Weitere Informationen und den Zugang zum Antrag finden Sie hier:<\/p>\n\n\n\n<p class=\"has-palette-color-6-background-color has-background\"><a href=\"https:\/\/digitaler-pflegeantrag.de\/pflege-beantragen\/\">Pflege online beantragen | Von allen Kassen unterst\u00fctzt (digitaler-pflegeantrag.de)<\/a><\/p>\n\n\n\n<p>Unterst\u00fctzung bei der Antragsstellung erhalten Sie durch die zust\u00e4ndige Pflegekasse welche verpflichtet ist, Ihnen innerhalb von zwei Wochen geeignete Ansprechpartner zu nennen.<\/p>\n\n\n\n<h2 class=\"wp-block-heading\">Beratung &#8211; vorab, w\u00e4hrenddessen und danach<\/h2>\n\n\n\n<p>Das Feld der Pflege ist gro\u00df; einen \u00dcberblick \u00fcber die einzelnen Verfahren und die zustehenden Leistungen zu behalten f\u00fcr Pflegebed\u00fcrftige und deren Angeh\u00f6rige nahezu unm\u00f6glich. Hier bietet die Senioren- und Pflegeberatung des Kreises Siegen-Wittgenstein bedarfsgerecht telefonisch oder auch pers\u00f6nlich ein umfangreiches Beratungsangebot f\u00fcr Menschen in Pflegesituationen. Die Beratung erfolgt kostenlos, unabh\u00e4ngig und vertraulich; auf Wunsch kann auch im Rahmen des Hausbesuches beraten werden. N\u00e4here Informationen erhalten Sie unter:<\/p>\n\n\n\n<p class=\"has-white-color has-palette-color-6-background-color has-text-color has-background\"><strong>Senioren- und Pflegeberatung Kreis Siegen-Wittgenstein<\/strong><br>Bismarckstra\u00dfe 45, 57076 Siegen<br>Telefon: 0271 333 Durchwahl -2729 \/-2728 \/ -2723 \/-2722<br>E-Mail: pflegeberatung@siegen-wittgenstein.de<br>Homepage: <a href=\"https:\/\/www.siegen-wittgenstein.de\/Kurzmen%C3%BC\/Sitemap\/index.php?NavID=2170.244.1\" target=\"_blank\" rel=\"noreferrer noopener\">Senioren- und Pflegeberatung \/ Kreis Siegen-Wittgenstein<\/a><br><\/p>\n\n\n\n<h2 class=\"wp-block-heading\">Pflegearten<\/h2>\n\n\n\n<h3 class=\"wp-block-heading\">Tagespflege<\/h3>\n\n\n\n<p>Tagespflegen entlasten die pflegenden Angeh\u00f6rigen und bereiten den Teilnehmern einen angenehmen Tagesablauf in gesch\u00fctzter Atmosph\u00e4re. Ein umf\u00e4ngliches Tagesprogramm bietet Unterhaltung und Besch\u00e4ftigung nach individuellen Bed\u00fcrfnissen und W\u00fcnschen. Soziale Kontakte werden aufgebaut und gepflegt.<\/p>\n\n\n\n<h3 class=\"wp-block-heading\">Pflegedienst<\/h3>\n\n\n\n<p>Ambulante Pflegedienste kommen vor allem bei h\u00e4uslich pflegebed\u00fcrftigen Menschen in Form von k\u00f6rperbezogenen Pflegema\u00dfnahmen in Betracht. Hierzu geh\u00f6ren beispielsweise die K\u00f6rperpflege, Ern\u00e4hrung oder die Medikamentengabe. <\/p>\n\n\n\n<h3 class=\"wp-block-heading\">Pflegeeinrichtung<\/h3>\n\n\n\n<p>Ist der Verbleib im eigenen Wohnumfeld aufgrund gesundheitlicher Einschr\u00e4nkungen nicht mehr m\u00f6glich bieten Pflegeeinrichtungen eine gesch\u00fctzte und geborgene Umgebung f\u00fcr die betreffenden Personen. Eine individuelle Versorgung rund um die Uhr ist hier m\u00f6glich; dar\u00fcber hinaus gibt es Einrichtungen, die auf Krankheitsbilder wie beispielsweise Demenz spezialisiert sind.<\/p>\n\n\n\n<hr class=\"wp-block-separator has-text-color has-palette-color-6-color has-alpha-channel-opacity has-palette-color-6-background-color has-background is-style-wide\"\/>\n\n\n\n<p>Eine \u00dcbersicht der in Netphen befindlichen Einrichtungen erhalten Sie beim Seniorenb\u00fcro der Stadt Netphen:<\/p>\n\n\n\n<p class=\"has-palette-color-3-color has-palette-color-6-background-color has-text-color has-background\"><strong>Seniorenb\u00fcro Netphen<\/strong><br>Amtsstra\u00dfe 2+6, 57250 Netphen<br>02738 603 145<br><a href=\"mailto:seniorenbuero@netphen.de\">senioren@netphen.de<\/a><\/p>\n\n\n\n<figure class=\"wp-block-image aligncenter size-large is-resized\"><img loading=\"lazy\" decoding=\"async\" width=\"1024\" height=\"683\" src=\"https:\/\/lokaldigital.netphen.de\/wp-content\/uploads\/2023\/07\/AdobeStock_101840258-1024x683.jpeg\" alt=\"Senioren sitzen am Tisch\" class=\"wp-image-2972\" style=\"width:540px;height:360px\" srcset=\"https:\/\/lokaldigital.netphen.de\/wp-content\/uploads\/2023\/07\/AdobeStock_101840258-1024x683.jpeg 1024w, https:\/\/lokaldigital.netphen.de\/wp-content\/uploads\/2023\/07\/AdobeStock_101840258-300x200.jpeg 300w, https:\/\/lokaldigital.netphen.de\/wp-content\/uploads\/2023\/07\/AdobeStock_101840258-768x512.jpeg 768w, https:\/\/lokaldigital.netphen.de\/wp-content\/uploads\/2023\/07\/AdobeStock_101840258-1536x1024.jpeg 1536w, https:\/\/lokaldigital.netphen.de\/wp-content\/uploads\/2023\/07\/AdobeStock_101840258-2048x1365.jpeg 2048w\" sizes=\"auto, (max-width: 1024px) 100vw, 1024px\" \/><figcaption class=\"wp-element-caption\">Senioren spielen Karten\nAdobeStock 101840258<\/figcaption><\/figure>\n\n\n\n<h2 class=\"wp-block-heading has-palette-color-3-color has-palette-color-6-background-color has-text-color has-background\">Beitr\u00e4ge zur Pflegeunterst\u00fctzung <\/h2>\n\n\n\n<p>In diesem Abschnitt finden Sie weitere empfohlene Beitr\u00e4ge, welche Sie in einer Pflegesituation unterst\u00fctzen: <\/p>\n\n\n<ul class=\"wp-block-latest-posts__list wp-block-latest-posts\"><li><a class=\"wp-block-latest-posts__post-title\" href=\"https:\/\/lokaldigital.netphen.de\/?p=3306\">Pflegedienst Jung<\/a><div class=\"wp-block-latest-posts__post-excerpt\">Wir sind mehr als Pflege! Individuelle ambulante Pflege mit Schulungskompetenz vor Ort \u2013 regional, profihaft, empathisch Wir sind Ihr ambulanter Pflegedienst aus Netphen. Doch wir sind mehr als Pflege: Wir bieten ma\u00dfgeschneiderte haushaltsnahe Schulungen nach \u00a745 SGB XI und umfassende Pflegeberatung nach \u00a737 Abs. 3 SGB XI. So bleiben Pflegequalit\u00e4t\u2026\u00a0<a class=\"wp-block-latest-posts__read-more\" href=\"https:\/\/lokaldigital.netphen.de\/?p=3306\" rel=\"noopener noreferrer\"><span class=\"screen-reader-text\">Pflegedienst Jung <\/span>weiterlesen<\/a><\/div><\/li>\n<li><a class=\"wp-block-latest-posts__post-title\" href=\"https:\/\/lokaldigital.netphen.de\/?p=3290\">H\u00e4usliche Betreuung mit Herz<\/a><div class=\"wp-block-latest-posts__post-excerpt\">G\u00fcnther Betreuungswelt :\u00a0 Ihre vertrauensw\u00fcrdige Anlaufstelle f\u00fcr qualifizierte Betreuungskr\u00e4fte aus Osteuropa im eigenen Zuhause. Sie suchen nach herausragender Hilfe f\u00fcr Senioren und Seniorinnen im eigenen Zuhause. Innerhalb von wenigen Tagen k\u00f6nnen wir f\u00fcr Entlastung sorgen. Diese ist nach Abzug von etlichen F\u00f6rderungen z.B. bei einem Pflegegrad 3, schon ab ca.\u2026\u00a0<a class=\"wp-block-latest-posts__read-more\" href=\"https:\/\/lokaldigital.netphen.de\/?p=3290\" rel=\"noopener noreferrer\"><span class=\"screen-reader-text\">H\u00e4usliche Betreuung mit Herz <\/span>weiterlesen<\/a><\/div><\/li>\n<li><div class=\"wp-block-latest-posts__featured-image alignleft\"><img loading=\"lazy\" decoding=\"async\" width=\"150\" height=\"150\" src=\"https:\/\/lokaldigital.netphen.de\/wp-content\/uploads\/2023\/07\/VMN-transparent-2-150x150.png\" class=\"attachment-thumbnail size-thumbnail wp-post-image\" alt=\"\" style=\"max-width:75px;max-height:75px;\" \/><\/div><a class=\"wp-block-latest-posts__post-title\" href=\"https:\/\/lokaldigital.netphen.de\/?p=2965\">VergissMeinNicht Netphen e. V.<\/a><div class=\"wp-block-latest-posts__post-excerpt\">Wir begleiten pflegende Angeh\u00f6rige sowie hilfebed\u00fcrftige Menschen in Krisensituationen und schweren Zeiten. Wir bieten eine stundenweise Einzelbetreuung in der vertrauten Umgebung an, dabei achten wir die pers\u00f6nlichen Tagesabl\u00e4ufe sowie individuellen Bed\u00fcrfnisse der zu betreuenden Menschen. Unsere qualifizierten Alltagsbegleiterinnen und Alltagsbegleiter bauen als feste Bezugspersonen Vertrauen auf und vermitteln Sicherheit. Ziel\u2026\u00a0<a class=\"wp-block-latest-posts__read-more\" href=\"https:\/\/lokaldigital.netphen.de\/?p=2965\" rel=\"noopener noreferrer\"><span class=\"screen-reader-text\">VergissMeinNicht Netphen e. V. <\/span>weiterlesen<\/a><\/div><\/li>\n<li><div class=\"wp-block-latest-posts__featured-image alignleft\"><img loading=\"lazy\" decoding=\"async\" width=\"150\" height=\"150\" src=\"https:\/\/lokaldigital.netphen.de\/wp-content\/uploads\/2023\/02\/20210409_175920-150x150.jpg\" class=\"attachment-thumbnail size-thumbnail wp-post-image\" alt=\"\" style=\"max-width:75px;max-height:75px;\" \/><\/div><a class=\"wp-block-latest-posts__post-title\" href=\"https:\/\/lokaldigital.netphen.de\/?p=2832\">rahm Zentrum f\u00fcr Gesundheit GmbH<\/a><div class=\"wp-block-latest-posts__post-excerpt\">Im April 2021 haben wir unser erstes Sanit\u00e4tshaus in Siegen er\u00f6ffnet. Damit sind wir mit unserer Filiale Neunkirchen zweimal in Ihrer Region vertreten. Wir stehen Ihnen mit einem umfassenden Dienstleistungs- und Hilfsmittelangebot zur Verf\u00fcgung. In unseren modernen R\u00e4umlichkeiten bieten wir Ihnen folgende Kompetenzen an: rahm-Zentrum f\u00fcr Gesundheit GmbHHagener Stra\u00dfe 10,\u2026\u00a0<a class=\"wp-block-latest-posts__read-more\" href=\"https:\/\/lokaldigital.netphen.de\/?p=2832\" rel=\"noopener noreferrer\"><span class=\"screen-reader-text\">rahm Zentrum f\u00fcr Gesundheit GmbH <\/span>weiterlesen<\/a><\/div><\/li>\n<li><div class=\"wp-block-latest-posts__featured-image alignleft\"><img loading=\"lazy\" decoding=\"async\" width=\"150\" height=\"150\" src=\"https:\/\/lokaldigital.netphen.de\/wp-content\/uploads\/2022\/07\/Fotolia_85565013_XS-150x150.jpg\" class=\"attachment-thumbnail size-thumbnail wp-post-image\" alt=\"\u00c4lteres Paar im Garten\" style=\"max-width:75px;max-height:75px;\" \/><\/div><a class=\"wp-block-latest-posts__post-title\" href=\"https:\/\/lokaldigital.netphen.de\/?p=1816\">Malteser Hilfsdienst e.V. &#8211; Men\u00fcservice<\/a><div class=\"wp-block-latest-posts__post-excerpt\">Malteser Men\u00fcservice. Lecker, vielf\u00e4ltig, zuverl\u00e4ssig. Der Malteser Hilfsdienst bietet einen lokalen Men\u00fcservice f\u00fcr Seniorinnen und Senioren in Netphen an. Weitere Details finden Sie in dem zugeh\u00f6rigen Flyer (Quelle Malteser Stadtverband Netphen): Kontakt Malteser Hilfsdienst e.V. Malteser Stadtverband Netphen Malteser Men\u00fcservice Adresse: An der Netphe 61, 57250 NetphenTel: 02738-30789-23Mail: menueservice.siegen@malteser.orgWeb: https:\/\/www.malteser.de\/menueservice\/<\/div><\/li>\n<\/ul>\n\n\n<p class=\"has-text-align-right\"><a href=\"#top\" data-type=\"internal\" data-id=\"#top\">zum Anfang<\/a><\/p>\n\n\n\n<h2 class=\"wp-block-heading has-palette-color-6-background-color has-background\">H\u00e4ufig gestellte Fragen im Bereich Pflege<\/h2>\n\n\n\n<p>Unten finden Sie h\u00e4ufig gestellte Fragen welche der Kategorie &#8222;Pflege&#8220; zugeordnet sind. Falls Sie weitergehende Fragen haben, schauen Sie sich gerne die FAQ-\u00dcbersicht an: <\/p>\n\n\n\n<div class=\"wp-block-buttons is-layout-flex wp-block-buttons-is-layout-flex\">\n<div class=\"wp-block-button\"><a class=\"wp-block-button__link has-palette-color-3-color has-palette-color-6-background-color has-text-color has-background wp-element-button\" href=\"https:\/\/lokaldigital.netphen.de\/?page_id=1311\">zum FAQ-Bereich <\/a><\/div>\n<\/div>\n\n\n<div  class=\"ewd-ufaq-faq-list ewd-ufaq-page-type-distinct ewd-ufaq-category-tabs-\" id='ewd-ufaq-faq-list'>\n\n\t<input type='hidden' name='show_on_load' value='' id='ewd-ufaq-show-on-load' \/>\n<input type='hidden' name='include_category' value='pflege' id='ewd-ufaq-include-category' \/>\n<input type='hidden' name='exclude_category' value='' id='ewd-ufaq-exclude-category' \/>\n<input type='hidden' name='orderby' value='title' id='ewd-ufaq-orderby' \/>\n<input type='hidden' name='order' value='asc' id='ewd-ufaq-order' \/>\n<input type='hidden' name='post_count' value='-1' id='ewd-ufaq-post-count' \/>\n<input type='hidden' name='current_url' value='\/index.php?rest_route=%2Fwp%2Fv2%2Fpages%2F967' id='ewd-ufaq-current-url' \/>\n\t\n\t\n\t<div class='ewd-ufaq-faqs'>\n\n\t\t<div  class=\"ewd-ufaq-faq-div ewd-ufaq-faq-column-count-one ewd-ufaq-faq-responsive-columns- ewd-ufaq-faq-display-style-default ewd-ufaq-can-be-toggled\" id='ewd-ufaq-post-1320-SZEoACyPuI' data-post_id='1320'>\n\n\t\t\n\t<div class='ewd-ufaq-faq-title ewd-ufaq-faq-toggle'>\n\t\n\t<a class='ewd-ufaq-post-margin'  href='#' role=\"button\">\n\n\t\t<div class='ewd-ufaq-post-margin-symbol ewd-ufaq-'>\n\t\t\t<span >A<\/span>\n\t\t<\/div>\n\n\t\t<div class='ewd-ufaq-faq-title-text'>\n\n\t\t\t<h4>\n\t\t\t\tWas findet man in der Kategorie &#8222;Pflege&#8220;?\t\t\t<\/h4>\n\n\t\t<\/div>\n\n\t\t<div class='ewd-ufaq-clear'><\/div>\n\n\t<\/a>\n\t\n<\/div>\n\t\n\t<div class='ewd-ufaq-faq-body' >\n\n\t\t\n\t\t\t<div class='ewd-ufaq-faq-categories'>\n\t\n\tCategories:\n\t\n\t\t<a href=\"https:\/\/lokaldigital.netphen.de\/?ufaq=was-findet-man-in-der-kategorie-pflege&amp;include_category=netphen\">Netphen<\/a>\n\t\n\t\t<a href=\"https:\/\/lokaldigital.netphen.de\/?ufaq=was-findet-man-in-der-kategorie-pflege&amp;include_category=pflege\">Pflege<\/a>\n\t\n<\/div>\n\t\t\n\t\t\t<div class='ewd-ufaq-post-margin ewd-ufaq-faq-post'>\n\t\n<p>In der Kategorie Pflege sind Hinweise und Angebote zusammengetragen welche das Themenfeld der Unterst\u00fctzung in der Pflegesituation von Angeh\u00f6rigen oder betroffenen fokussieren. Dies k\u00f6nnen direkte Unterst\u00fctzungsangebote durch das <a href=\"https:\/\/netphen.projekt-lokal-digital.de\/seniorenbuero_netphen\/\">Seniorenb\u00fcro Netphen<\/a> sein, aber auch externe Angebote bei leichtem, mittleren oder schwerem Pflegebedarf.  <\/p>\n\n\n\n<div class=\"wp-block-buttons is-layout-flex wp-block-buttons-is-layout-flex\">\n<div class=\"wp-block-button\"><a class=\"wp-block-button__link wp-element-button\" href=\"https:\/\/lokaldigital.netphen.de\/?page_id=967\">zur Seite &#8222;Pflegeunterst\u00fctzung&#8220;<\/a><\/div>\n<\/div>\n<\/div>\n\t\t\n\t\t\t\n\t\t\n\t\t\t\n\t\t\n\t\t\t<div class='ewd-ufaq-faq-tags'>\n\t\n\tTags:\t\n\t\n\t\t<a href=\"https:\/\/lokaldigital.netphen.de\/?ufaq=was-findet-man-in-der-kategorie-pflege&amp;include_tag=leichter-pflegebedarf\">Leichter Pflegebedarf<\/a>, \n\t\n\t\t<a href=\"https:\/\/lokaldigital.netphen.de\/?ufaq=was-findet-man-in-der-kategorie-pflege&amp;include_tag=mittlerer-pflegebedarf\">Mittlerer Pflegebedarf<\/a>, \n\t\n\t\t<a href=\"https:\/\/lokaldigital.netphen.de\/?ufaq=was-findet-man-in-der-kategorie-pflege&amp;include_tag=pflege\">Pflege<\/a>, \n\t\n\t\t<a href=\"https:\/\/lokaldigital.netphen.de\/?ufaq=was-findet-man-in-der-kategorie-pflege&amp;include_tag=pflegeunterstuetzung\">Pflegeunterst\u00fctzung<\/a>, \n\t\n\t\t<a href=\"https:\/\/lokaldigital.netphen.de\/?ufaq=was-findet-man-in-der-kategorie-pflege&amp;include_tag=schwerer-pflegebedarf\">Schwerer Pflegebedarf<\/a>\n\t\n<\/div>\n\t\t\n\t\t\t\n\t\t\n\t\t\t\n\t\t\n\t\t\t\n\t\t\n\t\t\t\n\t\t\n\t\t\t\n\t\t\n\t<\/div>\n\n<\/div>\n\t<\/div>\n\n\t\n<\/div>\n\n\n<p class=\"has-text-align-right\"><a href=\"#top\" data-type=\"internal\" data-id=\"#top\">zum Anfang<\/a><\/p>\n","protected":false},"excerpt":{"rendered":"<p>Pflege Pflegebed\u00fcrftigkeit &#8211; Definition Pflegebed\u00fcrftig sind Personen, die gesundheitlich bedingte Beeintr\u00e4chtigungen der Selbstst\u00e4ndigkeit oder der F\u00e4higkeiten aufweisen und deshalb der Hilfe durch andere bed\u00fcrfen. Es muss sich um Personen handeln, die k\u00f6rperliche, kognitive oder psychische Beeintr\u00e4chtigungen oder gesundheitlich bedingte Belastungen oder Anforderungen nicht selbstst\u00e4ndig kompensieren oder bew\u00e4ltigen k\u00f6nnen. Die Pflegebed\u00fcrftigkeit muss auf Dauer \u2013 voraussichtlich [&hellip;]<\/p>\n","protected":false},"author":10,"featured_media":0,"parent":0,"menu_order":0,"comment_status":"closed","ping_status":"closed","template":"","meta":{"footnotes":""},"class_list":["post-967","page","type-page","status-publish","hentry"],"blocksy_meta":{"styles_descriptor":{"styles":{"desktop":"","tablet":"","mobile":""},"google_fonts":[],"version":6}},"_links":{"self":[{"href":"https:\/\/lokaldigital.netphen.de\/index.php?rest_route=\/wp\/v2\/pages\/967","targetHints":{"allow":["GET"]}}],"collection":[{"href":"https:\/\/lokaldigital.netphen.de\/index.php?rest_route=\/wp\/v2\/pages"}],"about":[{"href":"https:\/\/lokaldigital.netphen.de\/index.php?rest_route=\/wp\/v2\/types\/page"}],"author":[{"embeddable":true,"href":"https:\/\/lokaldigital.netphen.de\/index.php?rest_route=\/wp\/v2\/users\/10"}],"replies":[{"embeddable":true,"href":"https:\/\/lokaldigital.netphen.de\/index.php?rest_route=%2Fwp%2Fv2%2Fcomments&post=967"}],"version-history":[{"count":20,"href":"https:\/\/lokaldigital.netphen.de\/index.php?rest_route=\/wp\/v2\/pages\/967\/revisions"}],"predecessor-version":[{"id":3269,"href":"https:\/\/lokaldigital.netphen.de\/index.php?rest_route=\/wp\/v2\/pages\/967\/revisions\/3269"}],"wp:attachment":[{"href":"https:\/\/lokaldigital.netphen.de\/index.php?rest_route=%2Fwp%2Fv2%2Fmedia&parent=967"}],"curies":[{"name":"wp","href":"https:\/\/api.w.org\/{rel}","templated":true}]}}